{"id":14321,"date":"2024-04-27T14:51:18","date_gmt":"2024-04-27T14:51:18","guid":{"rendered":"https:\/\/www.eestimetsaabiks.ee\/?post_type=meediakajastus&#038;p=14321"},"modified":"2024-04-27T14:57:12","modified_gmt":"2024-04-27T14:57:12","slug":"helena-eenok-%e2%9f%a9-enamik-erakondi-jatab-oma-programmist-valja-metsanduse-koige-tulisema-vaidluskoha","status":"publish","type":"meediakajastus","link":"https:\/\/www.eestimetsaabiks.ee\/eng\/meediakajastus\/helena-eenok-%e2%9f%a9-enamik-erakondi-jatab-oma-programmist-valja-metsanduse-koige-tulisema-vaidluskoha\/","title":{"rendered":"HELENA EENOK\u00a0\u27e9\u00a0Enamik erakondi j\u00e4tab oma programmist v\u00e4lja metsanduse k\u00f5ige tulisema vaidluskoha"},"content":{"rendered":"","protected":false},"template":"","class_list":["post-14321","meediakajastus","type-meediakajastus","status-publish","hentry"],"_links":{"self":[{"href":"https:\/\/www.eestimetsaabiks.ee\/eng\/wp-json\/wp\/v2\/meediakajastus\/14321","targetHints":{"allow":["GET"]}}],"collection":[{"href":"https:\/\/www.eestimetsaabiks.ee\/eng\/wp-json\/wp\/v2\/meediakajastus"}],"about":[{"href":"https:\/\/www.eestimetsaabiks.ee\/eng\/wp-json\/wp\/v2\/types\/meediakajastus"}],"wp:attachment":[{"href":"https:\/\/www.eestimetsaabiks.ee\/eng\/wp-json\/wp\/v2\/media?parent=14321"}],"curies":[{"name":"wp","href":"https:\/\/api.w.org\/{rel}","templated":true}]}}

HELENA EENOK ⟩ Enamik erakondi jätab oma programmist välja metsanduse kõige tulisema vaidluskoha
