{"id":20,"date":"2021-08-23T08:38:32","date_gmt":"2021-08-23T08:38:32","guid":{"rendered":"https:\/\/www.eestimetsaabiks.ee\/?page_id=20"},"modified":"2021-10-31T09:33:36","modified_gmt":"2021-10-31T09:33:36","slug":"inimesed","status":"publish","type":"page","link":"https:\/\/www.eestimetsaabiks.ee\/eng\/inimesed\/","title":{"rendered":"People"},"content":{"rendered":"<div data-elementor-type=\"wp-page\" data-elementor-id=\"20\" class=\"elementor elementor-20\" data-elementor-post-type=\"page\">\n\t\t\t\t\t\t<section class=\"elementor-section elementor-top-section elementor-element elementor-element-1b1f460 elementor-section-boxed elementor-section-height-default elementor-section-height-default\" data-id=\"1b1f460\" data-element_type=\"section\" data-e-type=\"section\">\n\t\t\t\t\t\t<div class=\"elementor-container elementor-column-gap-default\">\n\t\t\t\t\t<div class=\"elementor-column elementor-col-100 elementor-top-column elementor-element elementor-element-873f782\" data-id=\"873f782\" data-element_type=\"column\" data-e-type=\"column\">\n\t\t\t<div class=\"elementor-widget-wrap elementor-element-populated\">\n\t\t\t\t\t\t<section class=\"elementor-section elementor-inner-section elementor-element elementor-element-7b6d43f elementor-section-boxed elementor-section-height-default elementor-section-height-default\" data-id=\"7b6d43f\" data-element_type=\"section\" data-e-type=\"section\" data-settings=\"{&quot;background_background&quot;:&quot;classic&quot;}\">\n\t\t\t\t\t\t<div class=\"elementor-container elementor-column-gap-default\">\n\t\t\t\t\t<div class=\"elementor-column elementor-col-100 elementor-inner-column elementor-element elementor-element-717b932\" data-id=\"717b932\" data-element_type=\"column\" data-e-type=\"column\">\n\t\t\t<div class=\"elementor-widget-wrap elementor-element-populated\">\n\t\t\t\t\t\t<div class=\"elementor-element elementor-element-0e20757 elementor-widget elementor-widget-spacer\" data-id=\"0e20757\" data-element_type=\"widget\" data-e-type=\"widget\" data-widget_type=\"spacer.default\">\n\t\t\t\t<div class=\"elementor-widget-container\">\n\t\t\t\t\t\t\t<div class=\"elementor-spacer\">\n\t\t\t<div class=\"elementor-spacer-inner\"><\/div>\n\t\t<\/div>\n\t\t\t\t\t\t<\/div>\n\t\t\t\t<\/div>\n\t\t\t\t<div class=\"elementor-element elementor-element-d06f085 elementor-view-default elementor-widget elementor-widget-icon\" data-id=\"d06f085\" data-element_type=\"widget\" data-e-type=\"widget\" data-widget_type=\"icon.default\">\n\t\t\t\t<div class=\"elementor-widget-container\">\n\t\t\t\t\t\t\t<div class=\"elementor-icon-wrapper\">\n\t\t\t<div class=\"elementor-icon\">\n\t\t\t<i aria-hidden=\"true\" class=\"fas fa-fist-raised\"><\/i>\t\t\t<\/div>\n\t\t<\/div>\n\t\t\t\t\t\t<\/div>\n\t\t\t\t<\/div>\n\t\t\t\t<div class=\"elementor-element elementor-element-b6452a1 elementor-widget elementor-widget-heading\" data-id=\"b6452a1\" data-element_type=\"widget\" data-e-type=\"widget\" data-widget_type=\"heading.default\">\n\t\t\t\t<div class=\"elementor-widget-container\">\n\t\t\t\t\t<h2 class=\"elementor-heading-title elementor-size-default\">People of EMA<\/h2>\t\t\t\t<\/div>\n\t\t\t\t<\/div>\n\t\t\t\t<div class=\"elementor-element elementor-element-59b3b47 elementor-widget__width-initial elementor-widget elementor-widget-text-editor\" data-id=\"59b3b47\" data-element_type=\"widget\" data-e-type=\"widget\" data-widget_type=\"text-editor.default\">\n\t\t\t\t<div class=\"elementor-widget-container\">\n\t\t\t\t\t\t\t\t\t<p>MT\u00dc Eesti Metsa Abiks looduskaitse ekspertide t\u00f6\u00f6grupp t\u00f6\u00f6tab selle eesm\u00e4rgi nimel, et Eesti metsades hakatakse rakendama s\u00e4\u00e4stvat metsamajandust, mis toetaks ka looduskeskkonna j\u00e4tkusuutlikkust. Ekspertide t\u00f6\u00f6 h\u00f5lmab endas metsandusliku ja looduskaitselise n\u00f5u andmist, metsandusprobleemide tuvastamist, looduskeskkonnas toimuvate raiete kaardistamist, meediat\u00f6\u00f6 korraldamist. Lisaks kuuluvad tegevuste hulka kampaaniate juhtimine, loodushariduslike \u00fcrituste ja matkade l\u00e4biviimine, keskkonnaressursse puudutavate arengukavade koostamisprotsessides osalemine. Ning mis peamine, n\u00f5ustame metsa- v\u00f5i loodusmurega \u00fcksi j\u00e4\u00e4nud inimesi v\u00f5i kogukondasid.<\/p><p><strong>K\u00f5ige kiireloomulisemate k\u00fcsimustega seoses palume \u00fchendust v\u00f5tta Eesti Metsa Abiks juhatusega telefoni teel, \u00fchendust saab v\u00f5tta ka kirjalikult, aga kiireloomulistes k\u00fcsimustes soovitame helistada. <\/strong><\/p><p>Kirjalikult tulnud k\u00fcsimused suuname vajadusel vastavale EMA eksperdile edasi, kes vastab Teie k\u00fcsimusele l\u00e4hima kolme t\u00f6\u00f6p\u00e4eva jooksul.<\/p><p>Hoiame Eesti metsasid ja koos oleme tugevad!<\/p><p><span style=\"color: #000000;\">\u00a0<\/span><\/p>\t\t\t\t\t\t\t\t<\/div>\n\t\t\t\t<\/div>\n\t\t\t\t<div class=\"elementor-element elementor-element-72a538c elementor-widget elementor-widget-spacer\" data-id=\"72a538c\" data-element_type=\"widget\" data-e-type=\"widget\" data-widget_type=\"spacer.default\">\n\t\t\t\t<div class=\"elementor-widget-container\">\n\t\t\t\t\t\t\t<div class=\"elementor-spacer\">\n\t\t\t<div class=\"elementor-spacer-inner\"><\/div>\n\t\t<\/div>\n\t\t\t\t\t\t<\/div>\n\t\t\t\t<\/div>\n\t\t\t\t<div class=\"elementor-element elementor-element-39ad7a2 elementor-posts--align-left elementor-grid-3 elementor-grid-tablet-2 elementor-grid-mobile-1 elementor-posts--thumbnail-top elementor-card-shadow-yes elementor-posts__hover-gradient elementor-widget elementor-widget-posts\" data-id=\"39ad7a2\" data-element_type=\"widget\" data-e-type=\"widget\" data-settings=\"{&quot;cards_columns&quot;:&quot;3&quot;,&quot;cards_columns_tablet&quot;:&quot;2&quot;,&quot;cards_columns_mobile&quot;:&quot;1&quot;,&quot;cards_row_gap&quot;:{&quot;unit&quot;:&quot;px&quot;,&quot;size&quot;:35,&quot;sizes&quot;:[]},&quot;cards_row_gap_tablet&quot;:{&quot;unit&quot;:&quot;px&quot;,&quot;size&quot;:&quot;&quot;,&quot;sizes&quot;:[]},&quot;cards_row_gap_mobile&quot;:{&quot;unit&quot;:&quot;px&quot;,&quot;size&quot;:&quot;&quot;,&quot;sizes&quot;:[]}}\" data-widget_type=\"posts.cards\">\n\t\t\t\t<div class=\"elementor-widget-container\">\n\t\t\t\t\t\t\t<div class=\"elementor-posts-container elementor-posts elementor-posts--skin-cards elementor-grid\" role=\"list\">\n\t\t\t\t<article class=\"elementor-post elementor-grid-item post-443 ema_inimesed type-ema_inimesed status-publish has-post-thumbnail hentry\" role=\"listitem\">\n\t\t\t<div class=\"elementor-post__card\">\n\t\t\t\t<a class=\"elementor-post__thumbnail__link\" href=\"https:\/\/www.eestimetsaabiks.ee\/eng\/ema-inimesed\/helena-eenok\/\" tabindex=\"-1\" ><div class=\"elementor-post__thumbnail\"><img fetchpriority=\"high\" decoding=\"async\" width=\"770\" height=\"1024\" src=\"https:\/\/www.eestimetsaabiks.ee\/wp-content\/uploads\/2021\/08\/helena.jpg\" class=\"attachment-full size-full wp-image-364\" alt=\"\" srcset=\"https:\/\/www.eestimetsaabiks.ee\/wp-content\/uploads\/2021\/08\/helena.jpg 770w, https:\/\/www.eestimetsaabiks.ee\/wp-content\/uploads\/2021\/08\/helena-600x798.jpg 600w, https:\/\/www.eestimetsaabiks.ee\/wp-content\/uploads\/2021\/08\/helena-226x300.jpg 226w, https:\/\/www.eestimetsaabiks.ee\/wp-content\/uploads\/2021\/08\/helena-768x1021.jpg 768w\" sizes=\"(max-width: 770px) 100vw, 770px\" \/><\/div><\/a>\n\t\t\t\t<div class=\"elementor-post__text\">\n\t\t\t\t<h3 class=\"elementor-post__title\">\n\t\t\t<a href=\"https:\/\/www.eestimetsaabiks.ee\/eng\/ema-inimesed\/helena-eenok\/\" >\n\t\t\t\tHelena Eenok\t\t\t<\/a>\n\t\t<\/h3>\n\t\t\t\t<div class=\"elementor-post__excerpt\">\n\t\t\t<p>metsakaitse tegevuste juht, meediakontakt, juhatuse liige<br \/>\nhelena@eestimetsaabiks.ee<br \/>\n+372 569 87 256<\/p>\n\t\t<\/div>\n\t\t\t\t<\/div>\n\t\t\t\t\t<\/div>\n\t\t<\/article>\n\t\t\t\t<article class=\"elementor-post elementor-grid-item post-13792 ema_inimesed type-ema_inimesed status-publish has-post-thumbnail hentry\" role=\"listitem\">\n\t\t\t<div class=\"elementor-post__card\">\n\t\t\t\t<a class=\"elementor-post__thumbnail__link\" href=\"https:\/\/www.eestimetsaabiks.ee\/eng\/ema-inimesed\/annika-klemets\/\" tabindex=\"-1\" ><div class=\"elementor-post__thumbnail\"><img decoding=\"async\" width=\"1327\" height=\"1439\" src=\"https:\/\/www.eestimetsaabiks.ee\/wp-content\/uploads\/2023\/07\/358866903_595845429327760_4172934267083992464_n-1.jpeg\" class=\"attachment-full size-full wp-image-13795\" alt=\"\" srcset=\"https:\/\/www.eestimetsaabiks.ee\/wp-content\/uploads\/2023\/07\/358866903_595845429327760_4172934267083992464_n-1.jpeg 1327w, https:\/\/www.eestimetsaabiks.ee\/wp-content\/uploads\/2023\/07\/358866903_595845429327760_4172934267083992464_n-1-600x651.jpeg 600w, https:\/\/www.eestimetsaabiks.ee\/wp-content\/uploads\/2023\/07\/358866903_595845429327760_4172934267083992464_n-1-277x300.jpeg 277w, https:\/\/www.eestimetsaabiks.ee\/wp-content\/uploads\/2023\/07\/358866903_595845429327760_4172934267083992464_n-1-944x1024.jpeg 944w, https:\/\/www.eestimetsaabiks.ee\/wp-content\/uploads\/2023\/07\/358866903_595845429327760_4172934267083992464_n-1-768x833.jpeg 768w, https:\/\/www.eestimetsaabiks.ee\/wp-content\/uploads\/2023\/07\/358866903_595845429327760_4172934267083992464_n-1-11x12.jpeg 11w\" sizes=\"(max-width: 1327px) 100vw, 1327px\" \/><\/div><\/a>\n\t\t\t\t<div class=\"elementor-post__text\">\n\t\t\t\t<h3 class=\"elementor-post__title\">\n\t\t\t<a href=\"https:\/\/www.eestimetsaabiks.ee\/eng\/ema-inimesed\/annika-klemets\/\" >\n\t\t\t\tAnnika Klemets\t\t\t<\/a>\n\t\t<\/h3>\n\t\t\t\t<div class=\"elementor-post__excerpt\">\n\t\t\t<p>metsaps\u00fchholoog, juhatuse liige<br \/>\nannika@eestimetsaabiks.ee<\/p>\n\t\t<\/div>\n\t\t\t\t<\/div>\n\t\t\t\t\t<\/div>\n\t\t<\/article>\n\t\t\t\t<\/div>\n\t\t\n\t\t\t\t\t\t<\/div>\n\t\t\t\t<\/div>\n\t\t\t\t<div class=\"elementor-element elementor-element-ada4bdf elementor-widget elementor-widget-spacer\" data-id=\"ada4bdf\" data-element_type=\"widget\" data-e-type=\"widget\" data-widget_type=\"spacer.default\">\n\t\t\t\t<div class=\"elementor-widget-container\">\n\t\t\t\t\t\t\t<div class=\"elementor-spacer\">\n\t\t\t<div class=\"elementor-spacer-inner\"><\/div>\n\t\t<\/div>\n\t\t\t\t\t\t<\/div>\n\t\t\t\t<\/div>\n\t\t\t\t\t<\/div>\n\t\t<\/div>\n\t\t\t\t\t<\/div>\n\t\t<\/section>\n\t\t\t\t\t<\/div>\n\t\t<\/div>\n\t\t\t\t\t<\/div>\n\t\t<\/section>\n\t\t\t\t<section class=\"elementor-section elementor-top-section elementor-element elementor-element-da5a5bf elementor-section-boxed elementor-section-height-default elementor-section-height-default\" data-id=\"da5a5bf\" data-element_type=\"section\" data-e-type=\"section\">\n\t\t\t\t\t\t<div class=\"elementor-container elementor-column-gap-default\">\n\t\t\t\t\t<div class=\"elementor-column elementor-col-100 elementor-top-column elementor-element elementor-element-950c7e0\" data-id=\"950c7e0\" data-element_type=\"column\" data-e-type=\"column\">\n\t\t\t<div class=\"elementor-widget-wrap elementor-element-populated\">\n\t\t\t\t\t\t<div class=\"elementor-element elementor-element-bdb45e4 elementor-widget elementor-widget-spacer\" data-id=\"bdb45e4\" data-element_type=\"widget\" data-e-type=\"widget\" data-widget_type=\"spacer.default\">\n\t\t\t\t<div class=\"elementor-widget-container\">\n\t\t\t\t\t\t\t<div class=\"elementor-spacer\">\n\t\t\t<div class=\"elementor-spacer-inner\"><\/div>\n\t\t<\/div>\n\t\t\t\t\t\t<\/div>\n\t\t\t\t<\/div>\n\t\t\t\t\t<\/div>\n\t\t<\/div>\n\t\t\t\t\t<\/div>\n\t\t<\/section>\n\t\t\t\t<\/div>","protected":false},"excerpt":{"rendered":"<p>EMA inimesed MT\u00dc Eesti Metsa Abiks looduskaitse ekspertide t\u00f6\u00f6grupp t\u00f6\u00f6tab selle eesm\u00e4rgi nimel, et Eesti metsades hakatakse rakendama s\u00e4\u00e4stvat metsamajandust, mis toetaks ka looduskeskkonna j\u00e4tkusuutlikkust. Ekspertide t\u00f6\u00f6 h\u00f5lmab endas metsandusliku ja looduskaitselise n\u00f5u andmist, metsandusprobleemide tuvastamist, looduskeskkonnas toimuvate raiete kaardistamist, meediat\u00f6\u00f6 korraldamist. Lisaks kuuluvad tegevuste hulka kampaaniate juhtimine, loodushariduslike \u00fcrituste ja matkade l\u00e4biviimine, keskkonnaressursse puudutavate [&hellip;]<\/p>\n","protected":false},"author":1,"featured_media":0,"parent":0,"menu_order":0,"comment_status":"closed","ping_status":"closed","template":"","meta":{"inline_featured_image":false,"footnotes":""},"class_list":["post-20","page","type-page","status-publish","hentry"],"_links":{"self":[{"href":"https:\/\/www.eestimetsaabiks.ee\/eng\/wp-json\/wp\/v2\/pages\/20","targetHints":{"allow":["GET"]}}],"collection":[{"href":"https:\/\/www.eestimetsaabiks.ee\/eng\/wp-json\/wp\/v2\/pages"}],"about":[{"href":"https:\/\/www.eestimetsaabiks.ee\/eng\/wp-json\/wp\/v2\/types\/page"}],"author":[{"embeddable":true,"href":"https:\/\/www.eestimetsaabiks.ee\/eng\/wp-json\/wp\/v2\/users\/1"}],"replies":[{"embeddable":true,"href":"https:\/\/www.eestimetsaabiks.ee\/eng\/wp-json\/wp\/v2\/comments?post=20"}],"version-history":[{"count":105,"href":"https:\/\/www.eestimetsaabiks.ee\/eng\/wp-json\/wp\/v2\/pages\/20\/revisions"}],"predecessor-version":[{"id":12352,"href":"https:\/\/www.eestimetsaabiks.ee\/eng\/wp-json\/wp\/v2\/pages\/20\/revisions\/12352"}],"wp:attachment":[{"href":"https:\/\/www.eestimetsaabiks.ee\/eng\/wp-json\/wp\/v2\/media?parent=20"}],"curies":[{"name":"wp","href":"https:\/\/api.w.org\/{rel}","templated":true}]}}